{"id":151,"date":"2025-06-02T19:51:27","date_gmt":"2025-06-02T19:51:27","guid":{"rendered":"https:\/\/zukunftsrat-zentrum.ch\/?page_id=151"},"modified":"2025-06-08T13:16:02","modified_gmt":"2025-06-08T13:16:02","slug":"uber-uns","status":"publish","type":"page","link":"https:\/\/zukunftsrat-zentrum.ch\/?page_id=151","title":{"rendered":"\u00dcBER UNS"},"content":{"rendered":"\n<div class=\"wp-block-group is-layout-flow wp-block-group-is-layout-flow\">\n<h2 class=\"wp-block-heading has-text-align-center\" style=\"padding-top:var(--wp--preset--spacing--40);padding-bottom:var(--wp--preset--spacing--40)\">Zurkunftsratszentrum:<\/h2>\n\n\n\n<div class=\"wp-block-group is-layout-flow wp-container-core-group-is-layout-c0038ef6 wp-block-group-is-layout-flow\" style=\"margin-top:0;margin-bottom:0;padding-right:0;padding-left:0\">\n<p>Nachdem das Projekt <a href=\"https:\/\/zukunfts-rat.ch\/\">Zukunftsrat U24<\/a> im Januar 2024 erfolgreich abgeschlossen wurde, haben sich \u00fcber 30 hoch motivierte ehemalige Zukunftsr\u00e4tinnen und Zukunftsr\u00e4te zum Zukunftsrat Zentrum zusammengeschlossen. Unser zentrales Anliegen ist die Verbesserung der psychischen Gesundheit junger Menschen in der Schweiz.<\/p>\n\n\n\n<p>Als erster B\u00fcrgerrat f\u00fcr junge Menschen in der Schweiz hat der Zukunftsrat U24 eine innovative Plattform geboten. Durch ein Losverfahren wurden repr\u00e4sentative Teilnehmer ausgew\u00e4hlt, um \u00fcber die psychische Gesundheit in der Schweiz zu beraten und Handlungsempfehlungen zu entwickeln. Dabei hat der Zukunftsrat U24 33 Handlungsempfehlungen in sechs wichtigen Bereichen ausgearbeitet.<\/p>\n\n\n\n<p>Wir setzen uns leidenschaftlich daf\u00fcr ein, diese Empfehlungen umzusetzen und die Lebensqualit\u00e4t junger Menschen nachhaltig zu verbessern. Durch unsere Teilnahme an Veranstaltungen und unseren Dialog mit Entscheidungstr\u00e4gern tragen wir dazu bei, dass die Stimme der jungen Menschen geh\u00f6rt und ber\u00fccksichtigt wird.<\/p>\n\n\n\n<p>Wir halten Sie regelm\u00e4\u00dfig \u00fcber unsere Fortschritte und Aktivit\u00e4ten auf dem Laufenden. Verbinden Sie sich mit uns und tragen Sie gemeinsam mit uns zur Verbesserung der psychischen Gesundheit junger Menschen in der Schweiz bei.<\/p>\n\n\n\n<p><br>Kontakt: <br>Sie m\u00f6chten Mitglieder des Zukunftsrats kontaktieren oder f\u00fcr eine Veranstaltung einladen? Schreiben Sie uns an <a href=\"mailto:info@zukunftsrat-zentrum.ch\">info@zukunftsrat-zentrum.ch<\/a><\/p>\n<\/div>\n<\/div>\n","protected":false},"excerpt":{"rendered":"<p>Zurkunftsratszentrum: Nachdem das Projekt Zukunftsrat U24 im Januar 2024 erfolgreich abgeschlossen wurde, haben sich \u00fcber 30 hoch motivierte ehemalige Zukunftsr\u00e4tinnen und Zukunftsr\u00e4te zum Zukunftsrat Zentrum zusammengeschlossen. Unser zentrales Anliegen ist die Verbesserung der psychischen Gesundheit junger Menschen in der Schweiz. Als erster B\u00fcrgerrat f\u00fcr junge Menschen in der Schweiz hat der Zukunftsrat U24 eine innovative [&hellip;]<\/p>\n","protected":false},"author":3,"featured_media":0,"parent":0,"menu_order":0,"comment_status":"closed","ping_status":"closed","template":"page-no-title","meta":{"footnotes":"[]"},"class_list":["post-151","page","type-page","status-publish","hentry"],"yoast_head":"<!-- This site is optimized with the Yoast SEO plugin v25.2 - https:\/\/yoast.com\/wordpress\/plugins\/seo\/ -->\n<title>\u00dcBER UNS - Zukunftsrat Zentrum<\/title>\n<meta name=\"robots\" content=\"noindex, follow, max-snippet:-1, max-image-preview:large, max-video-preview:-1\" \/>\n<meta property=\"og:locale\" content=\"en_US\" \/>\n<meta property=\"og:type\" content=\"article\" \/>\n<meta property=\"og:title\" content=\"\u00dcBER UNS - Zukunftsrat Zentrum\" \/>\n<meta property=\"og:description\" content=\"Zurkunftsratszentrum: Nachdem das Projekt Zukunftsrat U24 im Januar 2024 erfolgreich abgeschlossen wurde, haben sich \u00fcber 30 hoch motivierte ehemalige Zukunftsr\u00e4tinnen und Zukunftsr\u00e4te zum Zukunftsrat Zentrum zusammengeschlossen. Unser zentrales Anliegen ist die Verbesserung der psychischen Gesundheit junger Menschen in der Schweiz. Als erster B\u00fcrgerrat f\u00fcr junge Menschen in der Schweiz hat der Zukunftsrat U24 eine innovative [&hellip;]\" \/>\n<meta property=\"og:url\" content=\"https:\/\/zukunftsrat-zentrum.ch\/?page_id=151\" \/>\n<meta property=\"og:site_name\" content=\"Zukunftsrat Zentrum\" \/>\n<meta property=\"article:modified_time\" content=\"2025-06-08T13:16:02+00:00\" \/>\n<meta name=\"twitter:card\" content=\"summary_large_image\" \/>\n<meta name=\"twitter:label1\" content=\"Est. reading time\" \/>\n\t<meta name=\"twitter:data1\" content=\"1 minute\" \/>\n<script type=\"application\/ld+json\" class=\"yoast-schema-graph\">{\"@context\":\"https:\/\/schema.org\",\"@graph\":[{\"@type\":\"WebPage\",\"@id\":\"https:\/\/zukunftsrat-zentrum.ch\/?page_id=151\",\"url\":\"https:\/\/zukunftsrat-zentrum.ch\/?page_id=151\",\"name\":\"\u00dcBER UNS - Zukunftsrat Zentrum\",\"isPartOf\":{\"@id\":\"https:\/\/zukunftsrat-zentrum.ch\/#website\"},\"datePublished\":\"2025-06-02T19:51:27+00:00\",\"dateModified\":\"2025-06-08T13:16:02+00:00\",\"breadcrumb\":{\"@id\":\"https:\/\/zukunftsrat-zentrum.ch\/?page_id=151#breadcrumb\"},\"inLanguage\":\"en-US\",\"potentialAction\":[{\"@type\":\"ReadAction\",\"target\":[\"https:\/\/zukunftsrat-zentrum.ch\/?page_id=151\"]}]},{\"@type\":\"BreadcrumbList\",\"@id\":\"https:\/\/zukunftsrat-zentrum.ch\/?page_id=151#breadcrumb\",\"itemListElement\":[{\"@type\":\"ListItem\",\"position\":1,\"name\":\"Home\",\"item\":\"https:\/\/zukunftsrat-zentrum.ch\/\"},{\"@type\":\"ListItem\",\"position\":2,\"name\":\"\u00dcBER UNS\"}]},{\"@type\":\"WebSite\",\"@id\":\"https:\/\/zukunftsrat-zentrum.ch\/#website\",\"url\":\"https:\/\/zukunftsrat-zentrum.ch\/\",\"name\":\"Zukunftsrat Zentrum\",\"description\":\"\",\"publisher\":{\"@id\":\"https:\/\/zukunftsrat-zentrum.ch\/#organization\"},\"potentialAction\":[{\"@type\":\"SearchAction\",\"target\":{\"@type\":\"EntryPoint\",\"urlTemplate\":\"https:\/\/zukunftsrat-zentrum.ch\/?s={search_term_string}\"},\"query-input\":{\"@type\":\"PropertyValueSpecification\",\"valueRequired\":true,\"valueName\":\"search_term_string\"}}],\"inLanguage\":\"en-US\"},{\"@type\":\"Organization\",\"@id\":\"https:\/\/zukunftsrat-zentrum.ch\/#organization\",\"name\":\"Zukunftsrat Zentrum\",\"url\":\"https:\/\/zukunftsrat-zentrum.ch\/\",\"logo\":{\"@type\":\"ImageObject\",\"inLanguage\":\"en-US\",\"@id\":\"https:\/\/zukunftsrat-zentrum.ch\/#\/schema\/logo\/image\/\",\"url\":\"https:\/\/zukunftsrat-zentrum.ch\/wp-content\/uploads\/2025\/06\/Logo_Zukunftsrat.png\",\"contentUrl\":\"https:\/\/zukunftsrat-zentrum.ch\/wp-content\/uploads\/2025\/06\/Logo_Zukunftsrat.png\",\"width\":500,\"height\":354,\"caption\":\"Zukunftsrat Zentrum\"},\"image\":{\"@id\":\"https:\/\/zukunftsrat-zentrum.ch\/#\/schema\/logo\/image\/\"}}]}<\/script>\n<!-- \/ Yoast SEO plugin. -->","yoast_head_json":{"title":"\u00dcBER UNS - Zukunftsrat Zentrum","robots":{"index":"noindex","follow":"follow","max-snippet":"max-snippet:-1","max-image-preview":"max-image-preview:large","max-video-preview":"max-video-preview:-1"},"og_locale":"en_US","og_type":"article","og_title":"\u00dcBER UNS - Zukunftsrat Zentrum","og_description":"Zurkunftsratszentrum: Nachdem das Projekt Zukunftsrat U24 im Januar 2024 erfolgreich abgeschlossen wurde, haben sich \u00fcber 30 hoch motivierte ehemalige Zukunftsr\u00e4tinnen und Zukunftsr\u00e4te zum Zukunftsrat Zentrum zusammengeschlossen. Unser zentrales Anliegen ist die Verbesserung der psychischen Gesundheit junger Menschen in der Schweiz. Als erster B\u00fcrgerrat f\u00fcr junge Menschen in der Schweiz hat der Zukunftsrat U24 eine innovative [&hellip;]","og_url":"https:\/\/zukunftsrat-zentrum.ch\/?page_id=151","og_site_name":"Zukunftsrat Zentrum","article_modified_time":"2025-06-08T13:16:02+00:00","twitter_card":"summary_large_image","twitter_misc":{"Est. reading time":"1 minute"},"schema":{"@context":"https:\/\/schema.org","@graph":[{"@type":"WebPage","@id":"https:\/\/zukunftsrat-zentrum.ch\/?page_id=151","url":"https:\/\/zukunftsrat-zentrum.ch\/?page_id=151","name":"\u00dcBER UNS - Zukunftsrat Zentrum","isPartOf":{"@id":"https:\/\/zukunftsrat-zentrum.ch\/#website"},"datePublished":"2025-06-02T19:51:27+00:00","dateModified":"2025-06-08T13:16:02+00:00","breadcrumb":{"@id":"https:\/\/zukunftsrat-zentrum.ch\/?page_id=151#breadcrumb"},"inLanguage":"en-US","potentialAction":[{"@type":"ReadAction","target":["https:\/\/zukunftsrat-zentrum.ch\/?page_id=151"]}]},{"@type":"BreadcrumbList","@id":"https:\/\/zukunftsrat-zentrum.ch\/?page_id=151#breadcrumb","itemListElement":[{"@type":"ListItem","position":1,"name":"Home","item":"https:\/\/zukunftsrat-zentrum.ch\/"},{"@type":"ListItem","position":2,"name":"\u00dcBER UNS"}]},{"@type":"WebSite","@id":"https:\/\/zukunftsrat-zentrum.ch\/#website","url":"https:\/\/zukunftsrat-zentrum.ch\/","name":"Zukunftsrat Zentrum","description":"","publisher":{"@id":"https:\/\/zukunftsrat-zentrum.ch\/#organization"},"potentialAction":[{"@type":"SearchAction","target":{"@type":"EntryPoint","urlTemplate":"https:\/\/zukunftsrat-zentrum.ch\/?s={search_term_string}"},"query-input":{"@type":"PropertyValueSpecification","valueRequired":true,"valueName":"search_term_string"}}],"inLanguage":"en-US"},{"@type":"Organization","@id":"https:\/\/zukunftsrat-zentrum.ch\/#organization","name":"Zukunftsrat Zentrum","url":"https:\/\/zukunftsrat-zentrum.ch\/","logo":{"@type":"ImageObject","inLanguage":"en-US","@id":"https:\/\/zukunftsrat-zentrum.ch\/#\/schema\/logo\/image\/","url":"https:\/\/zukunftsrat-zentrum.ch\/wp-content\/uploads\/2025\/06\/Logo_Zukunftsrat.png","contentUrl":"https:\/\/zukunftsrat-zentrum.ch\/wp-content\/uploads\/2025\/06\/Logo_Zukunftsrat.png","width":500,"height":354,"caption":"Zukunftsrat Zentrum"},"image":{"@id":"https:\/\/zukunftsrat-zentrum.ch\/#\/schema\/logo\/image\/"}}]}},"_links":{"self":[{"href":"https:\/\/zukunftsrat-zentrum.ch\/index.php?rest_route=\/wp\/v2\/pages\/151","targetHints":{"allow":["GET"]}}],"collection":[{"href":"https:\/\/zukunftsrat-zentrum.ch\/index.php?rest_route=\/wp\/v2\/pages"}],"about":[{"href":"https:\/\/zukunftsrat-zentrum.ch\/index.php?rest_route=\/wp\/v2\/types\/page"}],"author":[{"embeddable":true,"href":"https:\/\/zukunftsrat-zentrum.ch\/index.php?rest_route=\/wp\/v2\/users\/3"}],"replies":[{"embeddable":true,"href":"https:\/\/zukunftsrat-zentrum.ch\/index.php?rest_route=%2Fwp%2Fv2%2Fcomments&post=151"}],"version-history":[{"count":29,"href":"https:\/\/zukunftsrat-zentrum.ch\/index.php?rest_route=\/wp\/v2\/pages\/151\/revisions"}],"predecessor-version":[{"id":376,"href":"https:\/\/zukunftsrat-zentrum.ch\/index.php?rest_route=\/wp\/v2\/pages\/151\/revisions\/376"}],"wp:attachment":[{"href":"https:\/\/zukunftsrat-zentrum.ch\/index.php?rest_route=%2Fwp%2Fv2%2Fmedia&parent=151"}],"curies":[{"name":"wp","href":"https:\/\/api.w.org\/{rel}","templated":true}]}}